number?
False
Is 445141 prime?
True
Is 6281119 a composite number?
True
Is 124334869 a composite number?
True
Is 7565941 a prime number?
True
Is 12561047 prime?
False
Is 9945331 prime?
False
Is 41826779 prime?
True
Is 3726701 a composite number?
True
Is 147933022 a prime number?
False
Is 66618785 composite?
True
Is 24823039 a prime number?
False
Is 164611751 composite?
True
Is 67909 composite?
True
Is 4486409 a prime number?
False
Is 2392421 prime?
True
Is 18463154 a composite number?
True
Is 371249 prime?
True
Is 52734919 a prime number?
False
Is 8441311 prime?
True
Is 1023139627 prime?
True
Is 63272491 a prime number?
False
Is 707339 a prime number?
False
Is 163617 a composite number?
True
Is 1229654 a prime number?
False
Is 392451907 a prime number?
True
Is 955954105 a prime number?
False
Is 28158173 prime?
True
Is 215281553 a composite number?
True
Is 6836359 a composite number?
True
Is 160964399 a composite number?
False
Is 469518143 prime?
False
Is 213173 prime?
True
Is 864151 composite?
False
Is 2591333 prime?
True
Is 1225283 a composite number?
False
Is 17249669 composite?
False
Is 37409407 a composite number?
True
Is 34509311 composite?
False
Is 10235593 prime?
True
Is 69728759 a prime number?
True
Is 386263 composite?
False
Is 125720791 prime?
False
Is 4325239 a composite number?
True
Is 1119009 a composite number?
True
Is 54917329 a prime number?
False
Is 139453247 composite?
False
Is 19720543 a prime number?
True
Is 337952057 a prime number?
True
Is 17729 a prime number?
True
Is 74289247 a composite number?
False
Is 2798399 composite?
True
Is 163153603 a composite number?
True
Is 367982753 prime?
True
Is 11782219 composite?
False
Is 3471191 a composite number?
False
Is 48693737 a composite number?
True
Is 2308071 prime?
False
Is 68293 a composite number?
True
Is 2492839 composite?
True
Is 46776529 a prime number?
False
Is 542456465 prime?
False
Is 15813953 prime?
False
Is 459982973 prime?
True
Is 2025521 a composite number?
True
Is 7992763 composite?
False
Is 86642263 a prime number?
True
Is 9457267 composite?
True
Is 30617767 prime?
True
Is 4461869 a composite number?
False
Is 129017167 prime?
True
Is 57873617 a composite number?
False
Is 6409257 composite?
True
Is 788386457 a prime number?
True
Is 11738071 composite?
True
Is 444341 a composite number?
False
Is 469979 composite?
False
Is 52453943 a prime number?
True
Is 5805671 composite?
False
Is 1907641 a composite number?
True
Is 27423863 a composite number?
True
Is 205002961 prime?
False
Is 714335 composite?
True
Is 3231701 prime?
False
Is 175280141 a composite number?
True
Is 197797283 a prime number?
True
Is 727813 composite?
True
Is 311258521 a prime number?
False
Is 6818793 a prime number?
False
Is 38567759 prime?
False
Is 388745699 a prime number?
False
Is 10785911 a composite number?
True
Is 1752859 a prime number?
False
Is 4087991 a composite number?
False
Is 49688903 prime?
False
Is 14532761 prime?
False
Is 6041773 a prime number?
False
Is 645198311 prime?
True
Is 2294843 composite?
False
Is 3275599 composite?
False
Is 5411281 a composite number?
False
Is 51789883 a prime number?
True
Is 14714438 composite?
True
Is 6245231 a prime number?
False
Is 54401947 a prime number?
True
Is 88257881 a composite number?
False
Is 24881719 a composite number?
False
Is 12039161 a composite number?
True
Is 1554863 composite?
False
Is 204293 a composite number?
True
Is 52131521 a composite number?
True
Is 81313033 composite?
True
Is 174363113 a prime number?
False
Is 9105214 a composite number?
True
Is 222358049 prime?
False
Is 616751 a composite number?
True
Is 2757649 a composite number?
False
Is 797131 prime?
True
Is 1406159 prime?
True
Is 1757971 prime?
True
Is 349753 composite?
False
Is 53695217 a composite number?
False
Is 132379151 composite?
False
Is 5970697 composite?
False
Is 87758521 composite?
False
Is 367010777 composite?
True
Is 38318073 prime?
False
Is 117222767 a composite number?
False
Is 117346319 prime?
False
Is 45450653 a prime number?
True
Is 20369747 a prime number?
True
Is 117542423 a composite number?
True
Is 9656753 a prime number?
True
Is 2422873 prime?
True
Is 13246927 prime?
False
Is 55578407 a composite number?
False
Is 18844597 prime?
False
Is 4351549 prime?
False
Is 942083 composite?
True
Is 318448321 a prime number?
False
Is 520727 a prime number?
False
Is 291719 composite?
True
Is 12505033 a prime number?
False
Is 1388779 prime?
False
Is 409011553 prime?
False
Is 6422219 a composite number?
True
Is 6832621 prime?
True
Is 1753642687 composite?
True
Is 50333191 a composite number?
True
Is 850338341 a prime number?
True
Is 334171 a prime number?
True
Is 364221059 composite?
False
Is 14457407 prime?
True
Is 1289707 a prime number?
False
Is 1568503 prime?
True
Is 26400397 composite?
False
Is 1106499 prime?
False
Is 173062277 a composite number?
False
Is 2863397 a composite number?
True
Is 6014101 prime?
True
Is 169991189 prime?
True
Is 43750411 a composite number?
False
Is 42011 a prime number?
False
Is 42582443 a composite number?
True
Is 200697157 a composite number?
False
Is 1454779 a composite number?
False
Is 245239 prime?
False
Is 88879099 a prime number?
False
Is 519586729 a prime number?
True
Is 2429261 a composite number?
True
Is 1079467 composite?
True
Is 21145829 composite?
False
Is 59264473 a prime number?
True
Is 9890863 a prime number?
True
Is 179815661 a composite number?
False
Is 481183 composite?
True
Is 25938097 a composite number?
True
Is 29965379 composite?
False
Is 44308759 prime?
False
Is 7328669 a composite number?
False
Is 4162169 composite?
True
Is 8828023 a composite number?
True
Is 82122133 a composite number?
True
Is 9421381 composite?
True
Is 4251011 composite?
True
Is 72583619 prime?
True
Is 2094233 composite?
False
Is 133998923 a prime number?
True
Is 2974001 a composite number?
False
Is 10635259 composite?
False
Is 177511549 prime?
False
Is 1566449 a prime number?
True
Is 660235 a prime number?
False
Is 15857 composite?
True
Is 5587693 prime?
True
Is 187168717 a prime number?
True
Is 5858483 a composite number?
False
Is 202817 a prime number?
True
Is 111295507 composite?
False
Is 18280589 a prime number?
True
Is 476048893 a prime number?
False
Is 5748178 a composite number?
True
Is 52711859 a composite number?
False
Is 1382551 a prime number?
True
Is 34139759 composite?
True
Is 76634069 composite?
False
Is 517421 prime?
False
Is 11881531 a composite number?
False
Is 55371131 a composite number?
False
Is 11218343 prime?
True
Is 64689761 composite?
False
Is 179203 a prime number?
True
Is 23778487 prime?
False
Is 195521003 composite?
True
Is 21509389 prime?
False
Is 5586027 a composite number?
True
Is 30525767 prime?
True
Is 1192459 a prime number?
False
Is 1165151 a composite number?
True
Is 849260581 composite?
True
Is 1458931 prime?
False
Is 540242 a prime number?
False
Is 226479319 a composite number?
True
Is 122982253 composite?
False
Is 735955459 a composite number?
False
Is 7726633 prime?
True
Is 187107043 a composite number?
True
Is 1733695 a composite number?
True
Is 7759309 prime?
True
Is 1774751 a prime number?
False
Is 5979653 composite?
False
Is 3192751 prime?
False
Is 33949907 a composite number?
False
Is 3827143 composite?
False
Is 4354367 a prime number?
True
Is 396551 a composite number?
True
Is 3865733 prime?
True
Is 57005071 prime?
True
Is 16792199 prime?
False
Is 39558369 prime?
False
Is 472639199 composite?
True
Is 385126111 composite?
True
Is 45217427 a prime number?
False
Is 3205681 prime?
True
Is 474317377 prime?
True
Is 14359351 a composite number?
False
Is 41878471 composite?
False
Is 50552123 a composite number?
True
Is 15511807 composite?
False
Is 43885747 a composite number?
False
Is 18475309 composite?
True
Is 5129459 a composite number?
False
Is 39926173 prime?
False
Is 226388423 a prime number?
True
Is 2574959 a prime number?
True
Is 229921 prime?
False
Is 13194689 a prime number?
True
Is 5574145 composite?
True
Is 1088839 a prime number?
True
Is 2635241 prime?
False
Is 1477667 prime?
False
Is 22930981 a prime number?
True
Is 47352113 prime?
False
Is 57288949 a composite number?
True
Is 4092689 composite?
True
Is 6250579 composite?
False
Is 9190487 composite?
False
Is 30257641 prime?
True
Is 1